u(d). What is the highest common factor of 48 and s?
12
Suppose -2*u = 4*t + 74, -3*u + 0*u + 3*t = 66. Let i be 47/(-9) + 3 + 75/u. Let s be (-24)/i + 2 + 12/60. Calculate the highest common divisor of 35 and s.
7
Let a(q) = -4*q - 30. Let n be a(-8). Suppose n*i - 3*i = 2, 4*o + 2*i = 756. Let g be ((-40)/25)/((-2)/o). Calculate the highest common factor of 19 and g.
19
Let b(n) = -n**3 + 5*n**2 + 497*n + 114. Let o be b(25). What is the highest common factor of 481 and o?
13
Suppose -4*k - 8*k + 8136 = 0. Let s = 682 - k. Calculate the highest common factor of 22 and s.
2
Suppose -3*h = -3*k + 63, 0 = 3*k - 0*k - 5*h - 55. Let p be 2*k + 9 + -9. Suppose -p*j + 55*j - 275 = 0. What is the highest common factor of 11 and j?
11
Let w(x) = -118*x**2 + 836*x - 8. Let z be w(6). Calculate the highest common factor of 722 and z.
38
Let d be 2/3 + -6*6/(-27). Suppose 3*b = -d*b + 20. Let u = b + 17. What is the highest common divisor of 84 and u?
21
Let h = 257 + -180. Suppose -20*l + 26*l + 600 = 0. Let p = l + 107. Calculate the greatest common factor of p and h.
7
Let b(r) = -r**2 - r + 1. Let o(m) = 72*m**2 - 16*m + 40. Let v(t) = 6*b(t) + o(t). Let f be v(2). What is the highest common factor of f and 38?
38
Let l(v) = -2*v**2 + 151*v - 403. Let z be l(66). Calculate the highest common divisor of 989 and z.
23
Let n(u) = 3 - 6*u - 23 - 14. Let x be n(-16). Let a = x + -57. What is the highest common factor of 55 and a?
5
Let x be (-4 + 0)/(6 - 8 - 0). Let j be (-8 - x)/(3/9). Let c be (-37 + -1)*j/(-12)*-2. What is the greatest common factor of c and 76?
38
Suppose o + 4*p - 150 = 0, 14*o + 354 = 16*o - p. Calculate the greatest common factor of 21 and o.
3
Let z = 349 - 324. Let a be (-30)/(-1 - z/(-35)). Calculate the highest common factor of 84 and a.
21
Let c(o) = 20*o. Let y be c(1). Let n = 2460 + -2150. What is the greatest common factor of n and y?
10
Suppose 2*t + 5*m - 149 = 0, 4*m - 6 = -10. Calculate the greatest common divisor of t and 2387.
77
Suppose 0 = 5*s - r - 4106, -5*r - 1542 = -5*s + 2548. What is the greatest common factor of 3014 and s?
274
Suppose 8*v = 92115 - 37027. Calculate the highest common divisor of 44 and v.
22
Suppose -5*v + 4*v - 4*k - 114 = 0, 2*k = 5*v + 570. Let m = v - -342. What is the highest common factor of 12 and m?
12
Suppose -5*d + 6*d + 499 = f, -6*f + 4*d = -3004. Calculate the greatest common divisor of 12024 and f.
72
Suppose -6*u - 16 = -4. Let x be 9/6 - 1/u. Let d be (-42)/(-5) - 2/5. Calculate the greatest common divisor of x and d.
2
Let i be (3 - (-429)/(-55))*145/(-2). What is the highest common factor of 108 and i?
12
Let f = -5 - -8. Let k = 40767 + -40719. Calculate the greatest common divisor of f and k.
3
Let b = 18026 + -17830. What is the highest common factor of b and 208?
4
Let c(p) = 9*p**2 + 17*p + 445. Let g be c(-12). Calculate the highest common divisor of g and 145.
29
Let a be (54/(-8))/3 - 2/(-8). Let y(i) = 10*i**3 + 2*i**2 + 2*i + 4. Let g be y(a). Let w = -17 - g. What is the greatest common divisor of w and 5?
5
Suppose -2800 = -54*h - 16*h. What is the greatest common divisor of 32 and h?
8
Suppose 9*p + 18*p = 26*p + 68. Let b = -41 - -58. What is the highest common factor of p and b?
17
Suppose 0 = 5*f - 3*n - 1056, -2*n + 1044 = 5*f + n. Suppose -184 = -7*l - 3*x, -30*l - 3*x = -31*l + 40. Calculate the highest common factor of l and f.
14
Let b(n) = -1136*n + 166. Let v be b(-1). Calculate the greatest common factor of 2387 and v.
217
Suppose 4*l + 0 = -2*f + 6, -f + l = -15. Suppose 147 - f = s. What is the greatest common factor of 748 and s?
68
Suppose 0 = 5*w + 15, -2*q - 195 - 84 = -5*w. Let g = -73 - q. Let r = -43 + g. Calculate the greatest common divisor of 124 and r.
31
Let f be (3983/(-2276))/((-25)/48 + (-1)/(-2)). Calculate the greatest common factor of f and 7756.
28
Suppose 60*o - 43*o - 157*o = -3360. Calculate the greatest common divisor of o and 96.
24
Let r = 16 - 21. Let w be (2/r)/(1/(-215)). Calculate the highest common divisor of w and 301.
43
Let r be (-5 - -3) + 9 + -4. Let m be (1/(-3))/(2/(-14))*r. Let g be (-1 + 0)/(m/(-35)) - -4. Calculate the greatest common factor of 9 and g.
9
Suppose -x = 7*x - 136. Suppose -x*s + 2111 = 173. What is the greatest common factor of s and 418?
38
Let s(p) = -p**3 - 66*p**2 - 415*p - 80. Let c be s(-59). What is the greatest common factor of c and 1406?
38
Let n(v) = 7*v**3 - 110*v**2 - 9*v**3 + 49 + 9*v + 3*v + 152*v**2. Let f be n(21). Calculate the greatest common factor of f and 43.
43
Suppose 5*j + 2*h - 34 = 0, 5*h - 9*h + 28 = 5*j. Suppose 2*g - 8 = -2*y - 2, 5*y + 9 = -2*g. Calculate the greatest common divisor of j and g.
8
Let n be (1 - -6)*1 - (31 + -26). Suppose 20*k - 1100 = -n*k. Calculate the greatest common divisor of k and 140.
10
Let t(w) = -1068*w + 3290. Let r be t(3). Calculate the greatest common factor of r and 4644.
86
Let r(s) = -2*s**3 - 8*s**2 + 11*s + 3. Let y be -5*(-1)/(-10)*14. Let d be r(y). Calculate the greatest common divisor of d and 20.
20
Let j = -398 + 305. Let h = j + 195. What is the highest common factor of 85 and h?
17
Let r = 27078 - 26736. Let q = -67 - -219. Calculate the highest common divisor of q and r.
38
Suppose 12*j - 24 = 16*j. Let k be (-1932)/(-15) + j/(-30). Calculate the greatest common factor of k and 172.
43
Suppose 4*z - 116 - 40 = 0. Let i = 13 + z. Let w(n) = -n + 5. Let h be w(-8). What is the highest common divisor of h and i?
13
Let h(q) = q**3 - 21*q**2 - 102*q + 57. Let o be h(25). Suppose 0 = -o*y - 0*y + 1554. What is the highest common factor of 148 and y?
74
Let g be ((-18)/(-15) - 0)/((-36)/240). Let f be (13 - 1) + (g/2)/(-4). What is the highest common factor of 39 and f?
13
Let g be (160/128)/((-2)/(-8)). Let n(s) = -2*s**2 - 2 + s + s**2 + 4*s - s. Let i be n(3). What is the highest common factor of g and i?
1
Suppose -80543 - 251854 - 68009 = -38*a. Calculate the greatest common factor of a and 41.
41
Let v = 175 - 179. Let b be v/5 + (-2254)/(-5). Calculate the highest common factor of 18 and b.
18
Let g = -25 + 27. Suppose g*p + 174 = 3*p. Let s(f) = 57*f**2 - 14*f - 13. Let i be s(-1). Calculate the greatest common divisor of i and p.
58
Suppose -z = 3*z - 24. Suppose 6*m + 3*m = 198. Let n = m - -44. Calculate the greatest common factor of n and z.
6
Suppose -3*z + 80 = 5*f, -2*z = 5*f - 43 - 2. Suppose -2*p + 12*p = 5600. What is the greatest common factor of z and p?
35
Let t = 38013 + -36638. What is the highest common divisor of 561 and t?
11
Suppose -12*v - 22*v + 49*v - 315 = 0. Calculate the highest common factor of v and 561.
3
Let l = 35 - 0. Suppose 7*h - 124*h = -6552. Calculate the greatest common divisor of l and h.
7
Let i be ((-8)/(-2))/((-26)/(-39)). Suppose 85 = -b + i*b. Suppose -b = -4*z - 3*j, -4*z + 4*j = j - 47. What is the highest common factor of z and 8?
8
Suppose -3*m = -3*s + 231, 2*s + 2*m - 166 = -0*s. Let i be -11 + 0 + (102 - 81). What is the greatest common factor of s and i?
10
Let m be (-766)/(-10) + (-34)/(-85). Suppose m - 49 = v. What is the greatest common factor of v and 224?
28
Suppose 4034 = 22*d + 13*d - 4471. Calculate the highest common factor of d and 1.
1
Suppose -1352 = -p + 2*k, -4*p + 349*k = 351*k - 5368. Calculate the highest common factor of 12 and p.
12
Let g be 3*(1/((-15)/25) - -3). Let i be ((-8)/(-6) + -2)/(8/(-156)). Calculate the highest common factor of i and g.
1
Suppose 28*b = 29*b + 5. Let f be 35/b + 7 - 3*-14. What is the highest common divisor of f and 266?
14
Let a = 2028 - 171. Suppose -5055 - a = -48*m. What is the highest common factor of m and 16?
16
Let i = 197 + 9941. What is the greatest common factor of i and 148?
74
Let c(g) = -4*g**3 + 8*g**2 + 8*g + 38. Let q be c(-10). Calculate the highest common divisor of q and 156.
78
Let n be (-816)/(-9) + (-44)/(-33). Calculate the highest common divisor of n and 644.
92
Let s(b) = -b + 17. Let j be s(13). Let t be 0*5/(j + 6). Suppose x = -2*q + 133, t*x = -2*x + 10. Calculate the highest common divisor of q and 8.
8
Let m = 606 - 437. Suppose z - 6 = -z + 4*g, -g = -5*z + 60. Calculate the greatest common factor of m and z.
13
Let x(i) = 31*i - 270. Let h be x(9). Suppose 8*l - 513 = 5*l. What is